ose -2*o = 3*w - 45 - 65, -2*o = 10. Suppose 3*x = -s + 73, 0 = -x - x - 5*s + w. Is x composite?
True
Is (-304)/(-6) - 7/(-21) a composite number?
True
Let u(z) = 24*z**2 + z - 1. Is u(2) composite?
False
Let l(k) = -k**3 - 7*k**2 + k + 7. Let w be l(-7). Suppose 4*g + 830 = -r, 2*g + w*g + 406 = 4*r. Is (10/(-6))/(3/g) a prime number?
False
Suppose 5*z + 9 = -3*q, 4*q + q - 7 = -z. Let l be (q + -2)/1 - -81. Let p = l - 44. Is p composite?
False
Let o be (-26)/(-6) - 4/(-6). Is (o/(-10))/(2/(-668)) composite?
False
Let m = 18 - 15. Is m a prime number?
True
Let t(u) = -u**3 - 19*u**2 + 46. Is t(-20) composite?
True
Let i = -15 - -1. Let l(w) = w**3 + 14*w**2 - 16*w - 1. Is l(i) a composite number?
False
Suppose 3*z = 2*z - 75. Let v = 235 + z. Let o = v + -114. Is o prime?
False
Let h(j) be the first derivative of 39*j**4/4 - j**2/2 + 4. Is h(1) prime?
False
Let w(m) = 2*m**3 - 7*m**2 + 3*m**2 + 4*m + 5*m**2 - 5. Is w(4) a prime number?
False
Suppose x + 26 - 125 = 0. Let s = -29 + x. Suppose 0 = -5*q - s + 355. Is q composite?
True
Suppose 0*w - 2*d + 12335 = 3*w, -4*d = -4*w + 16440. Is w composite?
False
Let m(k) = 6*k**2 - 4*k + 4. Let v(x) = 13*x**2 - 9*x + 8. Let z(g) = 7*m(g) - 3*v(g). Let u be z(3). Suppose 0 = 3*a - u - 11. Is a prime?
True
Is 24136/49 - 1 - 8/14 a prime number?
True
Let j be (-1 + 0 - 11) + 1. Let z = j + 20. Is z a prime number?
False
Let q(k) = k**2 + 8*k - 12. Let w be q(-9). Let b = w - -26. Is b prime?
True
Let u(v) = -223*v - 80. Is u(-7) a prime number?
True
Suppose 3*q + 0*q - 2*y - 6 = 0, 0 = 4*y. Let d be (0 - (0 + 2)) + 5. Suppose -5*n + 262 = s, 3*n - d*s - 274 = -q*n. Is n prime?
True
Let n = -778 - -1425. Is n a composite number?
False
Suppose -1 - 8 = -3*x. Suppose -447 = -6*h + x*h. Is h a prime number?
True
Let q(u) = u**3 - u**2 + u + 43. Is q(0) composite?
False
Suppose -l + g + 3*g = -2759, 3*g + 11101 = 4*l. Is l composite?
True
Suppose m = 2*n - 3770, -2203 + 340 = -n - 5*m. Is n prime?
False
Let g be (-65)/4 - 4/(-16). Let k = 7 - g. Is k composite?
False
Suppose -2*y = c - 215, -3*c + 2*y + 555 + 74 = 0. Is c a prime number?
True
Let t be 16 + (0 + -2 - -2). Suppose 3*i + i = t. Is i prime?
False
Let h = 419 - 297. Is h a composite number?
True
Let l be (5 + -13)/(1 - 2). Is (12/l)/(6/44) a composite number?
False
Suppose 5*w + 2 + 3 = 0, 25 = x - 3*w. Is x a composite number?
True
Suppose -5*i - 2*j + 5 = -5*j, -5 = -5*i + 5*j. Let b = -30 - -9. Let s = i - b. Is s composite?
True
Let j(m) = 383*m + 44. Is j(9) a composite number?
False
Suppose -u + 4450 = -4*f - f, 5*f + 2*u + 4435 = 0. Let r = -596 - f. Is r a composite number?
False
Is ((-34)/(-5))/((-5)/(-25)) composite?
True
Let n(j) = 8*j + 1. Is n(1) a composite number?
True
Suppose -4*b = -3*b - 1631. Is b a prime number?
False
Is ((-56)/(-32))/((-1)/(-244)) a prime number?
False
Suppose -2*a - 3 = -11. Suppose -3*j + 2 = q - 5, -a*q + 7 = 5*j. Suppose 0 = -6*y + j*y + 159. Is y composite?
False
Suppose -35 - 17 = -3*t - 5*y, -92 = -3*t + 5*y. Let q = t + -11. Is q prime?
True
Let q be ((-9)/3 - -2)*-4. Suppose -109 = -q*z - 17. Is z a composite number?
False
Let a = 535 + -216. Is a a composite number?
True
Let q(t) = 248*t**2 - 5*t + 13. Is q(2) a composite number?
True
Let f = -7221 + 10268. Is f prime?
False
Is 1/(9/876) + 2/(-6) composite?
False
Suppose 3*p - 16 = 230. Let s = p + 63. Is s a prime number?
False
Let u = 7 + -5. Suppose -139 = -3*b - g - 32, 4*b - 140 = -u*g. Is b composite?
False
Suppose -4*m = 4*z - 12, -z = -5*m + 3*z + 24. Let c = -2 + m. Is c/(-7) + 135/7 a composite number?
False
Suppose 0 = -o + 4 + 49. Is o a prime number?
True
Let s(o) = 15*o + 2*o - 7*o + 8 - 4. Is s(3) a composite number?
True
Let o be -1 + (-2)/((-4)/6). Suppose 0*t = 2*n - t - 25, n - o*t = 5. Suppose -19 - n = -v. Is v composite?
True
Let h = 684 - 301. Is h a prime number?
True
Let q(y) = -y**3 - y - 11. Let n = -4 - -4. Let f be q(n). Is (f/2)/(5/(-70)) composite?
True
Let j(r) = 7*r**3 - 2*r + 1. Let c be j(1). Let w = 13 + c. Is w a composite number?
False
Suppose 1 = 3*d - 314. Suppose -5*x = -65 - d. Is x a prime number?
False
Let x = -315 + 446. Is x a composite number?
False
Let r(p) be the second derivative of p**4/12 - 2*p**3/3 + p**2/2 + p. Let w be r(4). Is 1/(63/(-66) + w) a composite number?
True
Suppose -3*s + 0*s = 2*n - 8, 4*s + n = 4. Is 2 + s + 11*7 a composite number?
False
Suppose 627 = -5*v + 4*f, v - 12 = -4*f - 123. Let r = -49 - v. Is r prime?
False
Is 6/33 + 8950/22 a prime number?
False
Let k be (2 + -2)/(-3 + 1). Suppose k = -5*g + 40 + 10. Is g a prime number?
False
Let j be (-222)/42 - 2/(-7). Let r(x) = 2*x + 1. Let b be r(j). Let p = 62 + b. Is p a prime number?
True
Suppose -3*t - 3646 = -4*r + 111, -2*r + 1906 = 4*t. Is r a prime number?
False
Let w(u) = -23*u - 5. Let i = 9 - -3. Suppose -5*k - 42 + i = 0. Is w(k) a composite number?
True
Let d = -188 - -347. Is d a prime number?
False
Suppose -k = -b + 4*k + 206, 2*b + 3*k - 347 = 0. Let y = 296 - b. Is y prime?
False
Let a = -47 - -90. Suppose -5*r - 5*n + 47 = -a, 2*n + 78 = 4*r. Is r a composite number?
False
Let i(d) = d**3 - 4*d**2 - 3*d - 3. Suppose 0 = 8*z - 3*z - 30. Is i(z) a composite number?
True
Let s(q) = 2*q**2 - 5*q + 2. Let w be s(3). Suppose w*m - 92 = m. Is m a composite number?
False
Let k(v) be the third derivative of -v**6/30 - v**5/10 - v**4/8 + v**3/3 - v**2. Let s be k(-4). Suppose -2*d = 4*o - s, 3*d - o - 263 = -5*o. Is d prime?
True
Is 3/((-60942)/(-30462) - 2) prime?
True
Let f(h) = 9*h + 11. Is f(20) a composite number?
False
Is (3*-1)/(4 + -7)*83 a prime number?
True
Let y(u) = 186*u + 13. Is y(7) a composite number?
True
Let u be (-14)/(-49) + 12/7. Let h be (1 - u)/((-2)/(-10)). Let y = h - -11. Is y a prime number?
False
Let z be 8/(-28) - 69/(-21). Suppose 5*k = -z*h + 7792, h + 0*h = 5*k - 7796. Is k a prime number?
True
Let u(h) = 73*h**2 + 1. Is u(1) a composite number?
True
Let l(k) = 7*k + 11. Suppose -2*g + p + 21 - 3 = 0, 4 = -2*p. Is l(g) prime?
True
Is (-5 - 4/(-2)) + 1*1346 a prime number?
False
Let c be (0/((-6)/2))/(-2). Suppose c = 3*p - i - 11 + 43, 3*p + 17 = -2*i. Let y(m) = m**2 + 8*m + 2. Is y(p) composite?
False
Let t be 1/((-3)/(-12)*2). Let z be t/8 + (-429)/(-12). Suppose 4 + 8 = 3*h, -4*a + z = 3*h. Is a prime?
False
Let t = 1360 + -586. Let c = t + -511. Is c prime?
True
Let j(i) = i. Let r be (-6)/(-33) - 62/(-22). Let g be j(r). Is g/(4 - 1)*51 prime?
False
Suppose -6*d + 25 = -d. Suppose -d*f + 663 = 2*o, -3*f + o + 405 = 4*o. Is f a composite number?
False
Let h = -148 - -99. Let o = h + 86. Is o composite?
False
Let d(h) = 51*h**2 - 6*h - 5. Is d(4) prime?
True
Let k(d) = -53*d - 14. Let z be k(-10). Let x = 12 + z. Suppose -3*n + 4*n = -4*h + x, n = h - 127. Is h composite?
False
Let p(b) = 4*b**2 + 5*b - 5. Is p(-8) a composite number?
False
Let d be 64/28 - (-2)/(-7). Suppose 4*o + d = 10. Let v(l) = 2*l**2 + 2*l + 1. Is v(o) a composite number?
False
Suppose d + 63 = 3*d - m, 5*d - 2*m - 159 = 0. Is d prime?
False
Let s = -25987 - -46372. Is (-4)/10 - s/(-25) composite?
True
Suppose -5*k = -5*s + 260, 3*s - 68 - 70 = -3*k. Is s prime?
False
Let u = -1 - -338. Is u prime?
True
Suppose -2*g + 14842 = 4*i, 5*i = -g + 4*g + 18536. Is i composite?
False
Let t be -2*(-2 - (-3)/2). Suppose 5*s + t = -59. Let y = s + 35. Is y prime?
True
Let q(m) = 3*m**3 - 3*m**2 + m + 1. Is q(2) composite?
True
Suppose -2*m + 0*m = -102. Is m composite?
True
Let o(t) = 37*t - 2. Is o(7) prime?
True
Let j be 4/2 + (-6 - -6). Suppose -17 = -m - 3*i, 0*m + 30 = 2*m + j*i. Is m a composite number?
True
Let y = 12 + -6. Let i be -2*-3*y/9. Is 2/i*-1*-38 a composite number?
False
Suppose -4*i + 0*y + 4*y + 620 = 0, -i = y - 159. Is i a prime number?
True
Suppose 0 = q - 5*q + 2*d + 720, -2*d - 364 = -2*q. Is q composite?
True
Let x(z) = -z + 1. Let v(r) be the first derivative of -r**3/3 + r**2/2 + 4*r + 3. Let k(g) = -v(g) + x(g). Is k(-4) prime?
False
Suppose -9*i + 195 = 24. Let l = 19 - 7. Let r = l + i. Is r composite?
False
Suppose x - 3*x - 2*n + 8 = 0, 4 = 4*n. Is x a prime number?
True
Let c be 13/5 - 2/(-5). Suppose d = c*i - 249, 0*i + 2*i - 166 = -d. Is i a prime number?
True
Let f = -76 - -11